 3 + (-2 + 4 + -8 - -10 - 24).
-17
Calculate 4 + 1 - (-94 - -100).
-1
Calculate 21 - 44 - (-3 + -11 - -3).
-12
What is the value of -7 + -5 + (-1 - -2) + 4 + 9?
2
What is the value of -9 - (-9 + (-8 - (-3 - 2)))?
3
What is 21 + -11 + 3 + 3 + -20 + 18?
14
What is (1 - -3) + (-3 - -1) + -10?
-8
What is the value of -10 - -8 - (29 + 3)?
-34
-16 - 17 - -18 - -18
3
Evaluate 0 - -4 - ((0 + -5 - -24) + -6).
-9
What is the value of -1 - -3 - 2 - (-6 + -5)?
11
Evaluate (-2 - (5 + -7)) + 2 - 10.
-8
Calculate 4 + (-3 - -6) - (-1 + 0).
8
Calculate -14 + 0 - -6 - (4 - (2 - 5)).
-15
20 + -2 - (407 + -412)
23
What is (10 - 24 - (-1 - 1)) + 14?
2
What is -7 + 31 + -6 + -5 - -1?
14
Calculate 0 + -7 + 0 + (-15 - (-21 - 1)).
0
7 - (-7 + 5) - -1
10
(-3 - 10 - 2) + 20
5
What is the value of 18 + -12 + 15 + -18?
3
58 + -22 + -28 - (1 + 13)
-6
Calculate 11 - 12 - -4 - -12.
15
What is -12 + 1 - (49 + -16 - 28)?
-16
What is 2 + (-3 - -3 - -1) + -208 + 244?
39
Evaluate (-160 - -182) + -18 + 2.
6
What is the value of -30 + -4 - -14 - -26?
6
What is 0 - 0 - 10 - (1430 - 1426)?
-14
-122 + 102 - (-8 + 1)
-13
Evaluate 3 - 4 - (3 + (7 - -3 - -21)).
-35
Evaluate -3 + (6 - (11 - 12 - -14)).
-10
What is the value of 13 - 11 - (9 + 2) - (-2 + 1)?
-8
Calculate 34 + -54 + (0 - (-2 + 2)).
-20
What is 1 - (0 - -9) - (-6 + -1)?
-1
Calculate -32 + 1 + (-17 + -14 - -11) + 26.
-25
What is the value of 7 + (2 - -7) + -18 + -17 + 1?
-18
What is the value of 4 + (21 - 24) + 1 + 12?
14
Evaluate -14 - (2 - (-9 - (-11 - 0))).
-14
What is 26 - 36 - -19 - (-1 + 0)?
10
(-44 - -5) + (163 - 162)
-38
Calculate -8 + (10 - 1) + 4.
5
264 + -279 - (-5 - -1)
-11
What is -132 + 108 + (10 - 0) + 17?
3
What is (4 - 5) + (-13 - 5 - -17)?
-2
What is (-7 - (0 - 1 - (83 - 82))) + 17?
12
Evaluate 6 - 10 - (-5 + 2 + (-5 - -1)).
3
What is the value of (0 - 6) + 13 + -5 - (2 + 6)?
-6
What is 4 + -16 + (-2 - -8) - (4 - -2)?
-12
What is -2 + ((2 - 0) + 0 - (194 - 182))?
-12
What is (5 - -3 - 5) + 0 - 0 - 4?
-1
100 + -81 - (-16 + 0)
35
16 + (-16 - (-13 + 10))
3
What is the value of -1 + 3 + -27 - -2 - (274 - 271)?
-26
Calculate -14 - (-8 + 20 + -10).
-16
What is the value of (10 - 6) + (12 - 18)?
-2
5 - (-9 + (-1 - -5) - -3)
7
Calculate (0 + 2 - (15 - 1)) + (452 - 441).
-1
What is the value of 8 + 8 + -7 + -25 + -4?
-20
What is the value of 0 + 4 - (28 - 24)?
0
Calculate 0 - -17 - ((8 - 3) + -18 + 6).
24
-27 + -14 + 22 + 14
-5
What is the value of 0 + 3 + (10 + -13 - -17)?
17
Calculate -9 + -2 + (-17 - -4) - -9.
-15
Calculate 5 + 8 + -12 - ((-1 - -3) + -12).
11
Evaluate -23 + 6 - 0 - ((5 - 3) + -3).
-16
What is the value of 9 + 11 + -25 + -16 + -1 + -5?
-27
What is the value of -1 - (-6 + -5 + 10 + -8 + -5)?
13
Evaluate -6 + (0 - -29 - 36).
-13
-1 + 1 - (-166 - -177)
-11
What is -10 + (22 - 11 - 7) + -8 + 0?
-14
Evaluate 4 + (5 + (-15 - -6) - 7).
-7
What is 41 - ((-18 - -24) + 57)?
-22
What is -2 - (-35 + 22 - (3 - 1))?
13
What is the value of -18 + 69 + -43 + 20?
28
-14 + (-1 - 1 - (-63 + 27))
20
36 + -34 + -24 + 36
14
Calculate (-12 - (-11 + -2 + 4)) + 3.
0
Calculate 8 - ((-32 - (10 + -39)) + 0 + -1).
12
Evaluate (-15 - -13 - -15) + 7 + -42.
-22
Evaluate -94 + 85 + (3 - 9).
-15
1 + 1 - (3 - (24 + (-16 - -6)))
13
What is (-12 - 2) + 199 + -168?
17
What is the value of -12 + 7 + 11 - 0 - 12?
-6
Evaluate 2 + -7 - ((3 - -14) + -19).
-3
Evaluate -2 - (15 - (18 + -14)).
-13
What is the value of -24 + (-9 - -42 - -2)?
11
Evaluate (2 - -9) + (-16 - -3).
-2
Calculate (4 - 0) + -10 + 0 + -1 + 13.
6
What is the value of (-3 + 3 - 54) + 23?
-31
Calculate -1 + (13 - 9) + 3 + (1 - 9).
-2
Evaluate -9 + (-6 - -18) + (0 - 1) + 3.
5
Evaluate -2 + 1 + -4 + 9 + (-26 - -13).
-9
What is the value of (-7 - 14) + -10 + (24 - 17)?
-24
-3 + (-6 + -1 - -20) + 1
11
(-23 - (-15 - -32)) + 48
8
(1 - (-6 - 3)) + 2
12
What is the value of 5 + -9 + (-2 - (7 + -3))?
-10
Evaluate -14 - (-61 + 58 + (-1 - 4) - -6).
-12
What is 43 + 46 + -73 - (-1 + 34)?
-17
Calculate -30 - 0 - (-873 + 865).
-22
What is the value of 6 - (4 + (-3 - 8) + 4)?
9
Evaluate 4 + 2 - (79 + -21 + -39).
-13
-181 + 201 + (-17 - 1)
2
Evaluate (-7 - -27) + (-1 - (3 - 0)) + -6.
10
What is -4 + -3 + 8 - 29 - (-21 - -19)?
-26
Evaluate -6 + (-18 - -32 - -21) + -18.
11
What is the value of -4 + (6 - (-3 + 9)) + (8 - 1)?
3
What is (33 - 80) + 45 - ((-4 - -2) + -6)?
6
What is (19 - 24) + 4 + -4 + 3?
-2
(-1 - -4) + (11 + 7 - 1) + -53
-33
-41 + -27 + 22 + 23
-23
What is the value of (13 - 11) + 6 - (-5 + 18)?
-5
What is 14 + -9 + 4 - (7 - 3)?
5
What is the value of (0 + 5 - (-2 + 5 - -6)) + -6?
-10
Evaluate (0 - 3 - -8) + (31 - 39) + 19.
16
Evaluate 20 - (-10 + 19) - 15 - (34 + -9).
-29
-10 - (-8 - -1 - 7) - -4
8
3 + 4 + (4 - 7) - (1 + -7)
10
-11 - (-4 + -3 + 4 + 2)
-10
Evaluate 8 - (1 - -24 - (56 - 68)).
-29
Calculate 9 + 2 - (-6 - 6) - (4 - 5).
24
Evaluate -7 + 10 + (-17 - -9) + 9.
4
What is 3 + -33 - (-104 - -71)?
3
6 - (-34 - -55 - -1)
-16
What is the value of (3 - -2) + (-29 - 1 - -19)?
-6
Evaluate 8 - (-1 - (4 + 6 + -11)).
8
(-2 - -1) + (1 - -1) + (-6 - 0)
-5
What is (18 - 4) + (15 - 58 - -8)?
-21
What is -5 - (-2 - (-2 + 8) - 4 - 4)?
11
What is 2 + 10 + (3 + 6 + -2 - 13)?
6
What is the value of -4 + (4 + -29 - 11)?
-40
What is (16 - 1) + -109 + 94?
0
What is 0 - (33 + (5 - 21))?
-17
Evaluate -3 + (-3 + 0 + 1 - 10).
-15
Calculate -12 + 0 - (6 + -11 + -6 - -6).
-7
What is (2 - -32) + (221 - 273)?
-18
13 + -2 + 18 + (-7 - 6)
16
What is 7 - (5 + (9 + -17 - -5 - 2))?
7
Evaluate -11 - (1 + 5 + -10).
-7
What is the value of 6 - (-3 + 1 - (33 + -34))?
7
-25 - ((-4 - 7) + 4 + 2 + 5)
-25
(7 - 5) + -1 + (5 - (1 + 1))
4
Evaluate -1 - (-7 - (-18 - (-3 - (-7 - -1)))).
-15
What is the value of 8 - (-8 + 23 + -46 + 5)?
34
What is the value of 1 + -25 + (5 - -7)?
-12
Evaluate (1 - 6) + 8 - (33 + -21).
-9
Calculate (44 - 55) + 2 + 0.
-9
Evaluate -3 + 7 - (5 - 1 - -1).
-1
What is the value of -21 - 0 - 2 - (273 + -273)?
-23
16 - ((17 - 10) + 22)
-13
What is (-9 - 6) + -9 + 22?
-2
Calculate 3 + -13 + 5 + -2 + 5.
-2
-18 + (0 - 11 - (257 + -288))
2
What is the value of 3 - -1 - (0 - -8) - (22 + -1)?
-25
What is -18 + 13 + (-21 - -17) + -16 + 1?
-24
(-1 - -11) + (-353 - -340)
-3
What is 5 - -4 - (5 - (14 + 2 + -7))?
13
What is (1 - (11 - (13 + 5))) + (-3 - -19)?
24
(1 - (1 + -13)) + -30 + 14
-3
Calculate -4 - (24 - (-15 + 50)).
7
What is 314 + -309 + -1 + 1 + -2 - -14?
17
What is the value of -51 + -2 + 36 + -26 + 11?
-32
Calculate 22 + -5 + (2 - 16).
3
Evaluate -10 - 4 - -27 - 14.
-1
What is the value of 8 - 1 - (35 + -11 - 20)?
3
Evaluate 0 - -5 - (12 + -17).
10
Evaluate (-10 - (1 + -8)) + -12.
-15
Calculate -1 - -6 - (8 - 11).
8
What is the value of (-2 - 43 - -37) + (2 - 4)?
-10
(-1 - (1 + 0)) + 1 + -13 + 4
-10
Evaluate 15 + (-1 - -3) + -31 + 35.
21
Evaluate (-3 - 0 - (19 - 19)) + (-11 - -12).
-2
What is (19 - 2) + -2 + (19 - 39 - -12)?
7
What is the value of 220 + -200 - (10 + 0)?
10
Calculate -11 + (12 - -5) + 0 + -12.
-6
-1 - (-99 + 112 - (0 + 12))
-2
Calculate -1 + 3 - (31 + -25).
-4
What is the value of 7 - ((2 - 1) + 10)?
-4
What is (-49 - (17 + -51)) + 1 + -22?
-36
(-2 - -12) + 3 + -432 + 415
-4
(27 + -11 - -1) + (-8 - 0)
9
What is the value of -9 - (-5 - 14 - -10)?
0
What is the value of -2 + -10 + 12 + 0 + 1 + -18?
-17
0 + -8 + 12 + -5 + -18
-19
What is 5 + 8 + 5 + -1 + -7 + 6?
16
What is -188 + 179 + (-3 - (-3 - -1)) + 2?
-8
What is (3 - ((5 - 7 - -4) + 1)) + -16?
-16
-16 + 14 + 1 + -5 - -4 - -1
-1
Calculate 34 - 30 - -5 - 26.
-17
Calculate (0 - (20 + (19 - 30))) + -3.
-12
What is (-8 - (-2 - 0) - (87 + -97)) + -10?
-6
Calculate -1 - (11 + -20 - -6) - (-10 - 2).
14
What is 14 - ((7 - 0) + -17 + -14 + 29)?
9
-9 - -5 - (9 + -3)
-10
What is (-8 - -6) + -4 + 8 - 8?
-6
-12 + 8 + -2 - (-3 - -4)
-7
What is -8 + (2 - -2) - (7 + -25 - 6)?
20
What is -15 + 10 + -1 + (16 - 0 - -4)?
14
Evaluate 2421 - 2439 - ((-1 - 1) + (-2 - -3)).
-17
Evaluate 1 + -18 - (-7 + -13 + 35 + -17).
-15
What is (53 - 44) + 0 + 1 + -4?
6
-5 - (-10 + 21 - (12 + -22))
-26
What is -4 + 8 + (6 - (0 - -28 - 6))?
-12
18 + 12 + 2 - (13 + 0)
19
What is the value of 1 + 14 + (1 - 12 - (-125 + 117))?
12
-13 - ((-46 - 13 - -9) + 14)
23
What is the value of 2 + (-29 - -26) + -2 + (2 - -15)?
14
2 + 2 + -14 + -3 - -6 - -8
1
What is the va